{"id":24,"date":"2024-08-22T20:32:55","date_gmt":"2024-08-22T20:32:55","guid":{"rendered":"https:\/\/baglumdoner.erdincdonmez.com\/?page_id=24"},"modified":"2024-08-22T20:38:04","modified_gmt":"2024-08-22T20:38:04","slug":"ana-sayfa","status":"publish","type":"page","link":"https:\/\/baglumdoner.erdincdonmez.com\/","title":{"rendered":"Ana sayfa"},"content":{"rendered":"\n<figure class=\"wp-block-image size-full\"><img loading=\"lazy\" decoding=\"async\" width=\"700\" height=\"400\" src=\"https:\/\/baglumdoner.erdincdonmez.com\/wp-content\/uploads\/2024\/08\/tombik-et-doner.png\" alt=\"\" class=\"wp-image-28\" srcset=\"https:\/\/baglumdoner.erdincdonmez.com\/wp-content\/uploads\/2024\/08\/tombik-et-doner.png 700w, https:\/\/baglumdoner.erdincdonmez.com\/wp-content\/uploads\/2024\/08\/tombik-et-doner-300x171.png 300w\" sizes=\"auto, (max-width: 700px) 100vw, 700px\" \/><\/figure>\n","protected":false},"excerpt":{"rendered":"","protected":false},"author":1,"featured_media":0,"parent":0,"menu_order":0,"comment_status":"closed","ping_status":"closed","template":"","meta":{"footnotes":""},"class_list":["post-24","page","type-page","status-publish","hentry"],"yoast_head":"<!-- This site is optimized with the Yoast SEO plugin v23.3 - https:\/\/yoast.com\/wordpress\/plugins\/seo\/ -->\r\n<title>Ana sayfa - Ba\u011flum Hassos D\u00f6ner<\/title>\r\n<meta name=\"robots\" content=\"index, follow, max-snippet:-1, max-image-preview:large, max-video-preview:-1\" \/>\r\n<link rel=\"canonical\" href=\"https:\/\/baglumdoner.erdincdonmez.com\/\" \/>\r\n<meta property=\"og:locale\" content=\"tr_TR\" \/>\r\n<meta property=\"og:type\" content=\"article\" \/>\r\n<meta property=\"og:title\" content=\"Ana sayfa - Ba\u011flum Hassos D\u00f6ner\" \/>\r\n<meta property=\"og:url\" content=\"https:\/\/baglumdoner.erdincdonmez.com\/\" \/>\r\n<meta property=\"og:site_name\" content=\"Ba\u011flum Hassos D\u00f6ner\" \/>\r\n<meta property=\"article:modified_time\" content=\"2024-08-22T20:38:04+00:00\" \/>\r\n<meta property=\"og:image\" content=\"https:\/\/baglumdoner.erdincdonmez.com\/wp-content\/uploads\/2024\/08\/tombik-et-doner.png\" \/>\r\n<meta name=\"twitter:card\" content=\"summary_large_image\" \/>\r\n<meta name=\"twitter:label1\" content=\"Tahmini okuma s\u00fcresi\" \/>\n\t<meta name=\"twitter:data1\" content=\"1 dakika\" \/>\r\n<script type=\"application\/ld+json\" class=\"yoast-schema-graph\">{\"@context\":\"https:\/\/schema.org\",\"@graph\":[{\"@type\":\"WebPage\",\"@id\":\"https:\/\/baglumdoner.erdincdonmez.com\/\",\"url\":\"https:\/\/baglumdoner.erdincdonmez.com\/\",\"name\":\"Ana sayfa - Ba\u011flum Hassos D\u00f6ner\",\"isPartOf\":{\"@id\":\"https:\/\/baglumdoner.erdincdonmez.com\/#website\"},\"primaryImageOfPage\":{\"@id\":\"https:\/\/baglumdoner.erdincdonmez.com\/#primaryimage\"},\"image\":{\"@id\":\"https:\/\/baglumdoner.erdincdonmez.com\/#primaryimage\"},\"thumbnailUrl\":\"https:\/\/baglumdoner.erdincdonmez.com\/wp-content\/uploads\/2024\/08\/tombik-et-doner.png\",\"datePublished\":\"2024-08-22T20:32:55+00:00\",\"dateModified\":\"2024-08-22T20:38:04+00:00\",\"breadcrumb\":{\"@id\":\"https:\/\/baglumdoner.erdincdonmez.com\/#breadcrumb\"},\"inLanguage\":\"tr\",\"potentialAction\":[{\"@type\":\"ReadAction\",\"target\":[\"https:\/\/baglumdoner.erdincdonmez.com\/\"]}]},{\"@type\":\"ImageObject\",\"inLanguage\":\"tr\",\"@id\":\"https:\/\/baglumdoner.erdincdonmez.com\/#primaryimage\",\"url\":\"https:\/\/baglumdoner.erdincdonmez.com\/wp-content\/uploads\/2024\/08\/tombik-et-doner.png\",\"contentUrl\":\"https:\/\/baglumdoner.erdincdonmez.com\/wp-content\/uploads\/2024\/08\/tombik-et-doner.png\",\"width\":700,\"height\":400},{\"@type\":\"BreadcrumbList\",\"@id\":\"https:\/\/baglumdoner.erdincdonmez.com\/#breadcrumb\",\"itemListElement\":[{\"@type\":\"ListItem\",\"position\":1,\"name\":\"Anasayfa\",\"item\":\"https:\/\/baglumdoner.erdincdonmez.com\/\"},{\"@type\":\"ListItem\",\"position\":2,\"name\":\"Ana sayfa\"}]},{\"@type\":\"WebSite\",\"@id\":\"https:\/\/baglumdoner.erdincdonmez.com\/#website\",\"url\":\"https:\/\/baglumdoner.erdincdonmez.com\/\",\"name\":\"Ba\u011flum Hassos D\u00f6ner\",\"description\":\"Farkl\u0131 Lezzet Arayanlara\",\"publisher\":{\"@id\":\"https:\/\/baglumdoner.erdincdonmez.com\/#organization\"},\"potentialAction\":[{\"@type\":\"SearchAction\",\"target\":{\"@type\":\"EntryPoint\",\"urlTemplate\":\"https:\/\/baglumdoner.erdincdonmez.com\/?s={search_term_string}\"},\"query-input\":\"required name=search_term_string\"}],\"inLanguage\":\"tr\"},{\"@type\":\"Organization\",\"@id\":\"https:\/\/baglumdoner.erdincdonmez.com\/#organization\",\"name\":\"Ba\u011flum Hassos D\u00f6ner\",\"url\":\"https:\/\/baglumdoner.erdincdonmez.com\/\",\"logo\":{\"@type\":\"ImageObject\",\"inLanguage\":\"tr\",\"@id\":\"https:\/\/baglumdoner.erdincdonmez.com\/#\/schema\/logo\/image\/\",\"url\":\"https:\/\/baglumdoner.erdincdonmez.com\/wp-content\/uploads\/2024\/08\/baglum-hassos-doner1-seffaf3.png\",\"contentUrl\":\"https:\/\/baglumdoner.erdincdonmez.com\/wp-content\/uploads\/2024\/08\/baglum-hassos-doner1-seffaf3.png\",\"width\":240,\"height\":120,\"caption\":\"Ba\u011flum Hassos D\u00f6ner\"},\"image\":{\"@id\":\"https:\/\/baglumdoner.erdincdonmez.com\/#\/schema\/logo\/image\/\"}}]}<\/script>\r\n<!-- \/ Yoast SEO plugin. -->","yoast_head_json":{"title":"Ana sayfa - Ba\u011flum Hassos D\u00f6ner","robots":{"index":"index","follow":"follow","max-snippet":"max-snippet:-1","max-image-preview":"max-image-preview:large","max-video-preview":"max-video-preview:-1"},"canonical":"https:\/\/baglumdoner.erdincdonmez.com\/","og_locale":"tr_TR","og_type":"article","og_title":"Ana sayfa - Ba\u011flum Hassos D\u00f6ner","og_url":"https:\/\/baglumdoner.erdincdonmez.com\/","og_site_name":"Ba\u011flum Hassos D\u00f6ner","article_modified_time":"2024-08-22T20:38:04+00:00","og_image":[{"url":"https:\/\/baglumdoner.erdincdonmez.com\/wp-content\/uploads\/2024\/08\/tombik-et-doner.png"}],"twitter_card":"summary_large_image","twitter_misc":{"Tahmini okuma s\u00fcresi":"1 dakika"},"schema":{"@context":"https:\/\/schema.org","@graph":[{"@type":"WebPage","@id":"https:\/\/baglumdoner.erdincdonmez.com\/","url":"https:\/\/baglumdoner.erdincdonmez.com\/","name":"Ana sayfa - Ba\u011flum Hassos D\u00f6ner","isPartOf":{"@id":"https:\/\/baglumdoner.erdincdonmez.com\/#website"},"primaryImageOfPage":{"@id":"https:\/\/baglumdoner.erdincdonmez.com\/#primaryimage"},"image":{"@id":"https:\/\/baglumdoner.erdincdonmez.com\/#primaryimage"},"thumbnailUrl":"https:\/\/baglumdoner.erdincdonmez.com\/wp-content\/uploads\/2024\/08\/tombik-et-doner.png","datePublished":"2024-08-22T20:32:55+00:00","dateModified":"2024-08-22T20:38:04+00:00","breadcrumb":{"@id":"https:\/\/baglumdoner.erdincdonmez.com\/#breadcrumb"},"inLanguage":"tr","potentialAction":[{"@type":"ReadAction","target":["https:\/\/baglumdoner.erdincdonmez.com\/"]}]},{"@type":"ImageObject","inLanguage":"tr","@id":"https:\/\/baglumdoner.erdincdonmez.com\/#primaryimage","url":"https:\/\/baglumdoner.erdincdonmez.com\/wp-content\/uploads\/2024\/08\/tombik-et-doner.png","contentUrl":"https:\/\/baglumdoner.erdincdonmez.com\/wp-content\/uploads\/2024\/08\/tombik-et-doner.png","width":700,"height":400},{"@type":"BreadcrumbList","@id":"https:\/\/baglumdoner.erdincdonmez.com\/#breadcrumb","itemListElement":[{"@type":"ListItem","position":1,"name":"Anasayfa","item":"https:\/\/baglumdoner.erdincdonmez.com\/"},{"@type":"ListItem","position":2,"name":"Ana sayfa"}]},{"@type":"WebSite","@id":"https:\/\/baglumdoner.erdincdonmez.com\/#website","url":"https:\/\/baglumdoner.erdincdonmez.com\/","name":"Ba\u011flum Hassos D\u00f6ner","description":"Farkl\u0131 Lezzet Arayanlara","publisher":{"@id":"https:\/\/baglumdoner.erdincdonmez.com\/#organization"},"potentialAction":[{"@type":"SearchAction","target":{"@type":"EntryPoint","urlTemplate":"https:\/\/baglumdoner.erdincdonmez.com\/?s={search_term_string}"},"query-input":"required name=search_term_string"}],"inLanguage":"tr"},{"@type":"Organization","@id":"https:\/\/baglumdoner.erdincdonmez.com\/#organization","name":"Ba\u011flum Hassos D\u00f6ner","url":"https:\/\/baglumdoner.erdincdonmez.com\/","logo":{"@type":"ImageObject","inLanguage":"tr","@id":"https:\/\/baglumdoner.erdincdonmez.com\/#\/schema\/logo\/image\/","url":"https:\/\/baglumdoner.erdincdonmez.com\/wp-content\/uploads\/2024\/08\/baglum-hassos-doner1-seffaf3.png","contentUrl":"https:\/\/baglumdoner.erdincdonmez.com\/wp-content\/uploads\/2024\/08\/baglum-hassos-doner1-seffaf3.png","width":240,"height":120,"caption":"Ba\u011flum Hassos D\u00f6ner"},"image":{"@id":"https:\/\/baglumdoner.erdincdonmez.com\/#\/schema\/logo\/image\/"}}]}},"_links":{"self":[{"href":"https:\/\/baglumdoner.erdincdonmez.com\/index.php?rest_route=\/wp\/v2\/pages\/24","targetHints":{"allow":["GET"]}}],"collection":[{"href":"https:\/\/baglumdoner.erdincdonmez.com\/index.php?rest_route=\/wp\/v2\/pages"}],"about":[{"href":"https:\/\/baglumdoner.erdincdonmez.com\/index.php?rest_route=\/wp\/v2\/types\/page"}],"author":[{"embeddable":true,"href":"https:\/\/baglumdoner.erdincdonmez.com\/index.php?rest_route=\/wp\/v2\/users\/1"}],"replies":[{"embeddable":true,"href":"https:\/\/baglumdoner.erdincdonmez.com\/index.php?rest_route=%2Fwp%2Fv2%2Fcomments&post=24"}],"version-history":[{"count":2,"href":"https:\/\/baglumdoner.erdincdonmez.com\/index.php?rest_route=\/wp\/v2\/pages\/24\/revisions"}],"predecessor-version":[{"id":29,"href":"https:\/\/baglumdoner.erdincdonmez.com\/index.php?rest_route=\/wp\/v2\/pages\/24\/revisions\/29"}],"wp:attachment":[{"href":"https:\/\/baglumdoner.erdincdonmez.com\/index.php?rest_route=%2Fwp%2Fv2%2Fmedia&parent=24"}],"curies":[{"name":"wp","href":"https:\/\/api.w.org\/{rel}","templated":true}]}}